factors of j.
2
Suppose -35*x + 135718 = -69627. List the prime factors of x.
5867
Let p = 25 + 253. List the prime factors of p.
2, 139
Let g(k) = k**2 - k - 2. Let w be g(0). Let x(l) = -2 - 5*l + 10*l**2 + 4*l + 3. What are the prime factors of x(w)?
43
List the prime factors of 52/39*((-2028)/(-1))/1.
2, 13
Suppose -884 = 9*w - 4862. List the prime factors of w.
2, 13, 17
Let t = -293 - -100. Let x = -116 - t. Suppose 3*f - 130 = x. What are the prime factors of f?
3, 23
Let d = 37 + -61. Let b = 110 - d. What are the prime factors of b?
2, 67
What are the prime factors of (-20)/15 + (-55154)/(-33) + 0?
2, 5, 167
Let c be ((-8)/5)/(10/(-25)). Let a be 0/c + 3*1. Suppose -2*o - a*g = -4, 5*g + 1 = 4*o - 29. What are the prime factors of o?
5
Let j = 1271 - -1549. What are the prime factors of j?
2, 3, 5, 47
Let b be ((-99)/(-3))/(3/2). Let z = b - 2. List the prime factors of z.
2, 5
What are the prime factors of 3/(30/4276) - (-168)/(-280)?
7, 61
Suppose 3*t + 6*m - 2*m - 1794 = 0, -3*t = -5*m - 1767. Let b = -375 + t. List the prime factors of b.
3, 73
Let t(r) = -3 + r**3 - 4*r**2 + 0*r**2 - 19*r + 10*r. What are the prime factors of t(6)?
3, 5
Suppose m - 5*m = -20. Suppose -215 = -10*z + m*z. List the prime factors of z.
43
Let w = 6 - 2. Suppose -2*y = -w*y - 3*q + 206, 3*y - 320 = q. Let s = -73 + y. What are the prime factors of s?
3, 11
Let h(u) = 3304*u**2 - 16*u - 8. What are the prime factors of h(-1)?
2, 3, 23
Suppose 0 = 2*b - 11 + 5, -4*l = 5*b - 219. Suppose 7 = 4*x + l. Let c(t) = -t + 6. What are the prime factors of c(x)?
17
Let f = -1233 + 5782. What are the prime factors of f?
4549
Suppose 4*l + 23834 = 38*l. What are the prime factors of l?
701
Suppose -w = 4*w - 10. Let b(k) = 2*k**2 - 3*k - 2. Let v be b(-1). Suppose w*t - 6*t + 3*z = -84, 0 = -v*z. What are the prime factors of t?
3, 7
Suppose -5*y - 385 = 400. Let w = -115 - y. What are the prime factors of w?
2, 3, 7
Let n(k) be the second derivative of k**4/4 + 10*k**3/3 + 3*k**2 + 16*k. List the prime factors of n(-8).
2, 19
Suppose -5*h + 31 = -24. Suppose 4*b - h = 5. Suppose f + b*t = -15, 4*f - t = -f + 30. What are the prime factors of f?
5
Let k(t) = -t**2 + 12*t + 2. Let x be k(16). Let y = -34 - x. What are the prime factors of y?
2, 7
Let v(c) = -4*c - 7. Let q be v(5). List the prime factors of 1 + (q/(-3))/3.
2
What are the prime factors of 4/34 + (-25)/((-425)/40152)?
2, 1181
Let x(o) = o**2 + o + 1. Let c be x(2). Suppose 0 = 3*q - c*q + 16. Suppose 296 = 4*v - 5*z, 200 + 80 = q*v - z. List the prime factors of v.
3, 23
Suppose f = 3*b - 2*b + 92, -2*b + 266 = 3*f. Suppose -30 + f = 2*q. What are the prime factors of q?
2, 3, 5
Suppose 3*u = 2*y, -5*y + 4 - 15 = -2*u. List the prime factors of 7/(7/u)*-14.
2, 7
Let u(c) = -c**3 - c**2 + 7*c + 7. Let y(d) = 3*d + 0*d + 0*d - 2*d + 1 - d**2. Let t be y(-2). What are the prime factors of u(t)?
2, 3
Suppose 0 = -38*k - 8*k + 8694. List the prime factors of k.
3, 7
Suppose -5*k - 2*s - s = 18, -3*k - 6 = 3*s. Let r = -3 - -8. Let d = r - k. What are the prime factors of d?
11
Suppose 2*g - 3230 = -2*g - 3*a, 3*g = -a + 2420. What are the prime factors of g?
2, 13, 31
Let j be 390*3/(18/4). Suppose -x = 3*x - j. Let q = x - 29. List the prime factors of q.
2, 3
What are the prime factors of (-2)/(-21)*207*(-5 - -26)?
2, 3, 23
Let g(m) = -49*m - 66. Let x be g(6). Let o = 583 + x. List the prime factors of o.
223
Suppose -3*t - u - 827 = 0, t = 4*t - 4*u + 847. Let x = -166 - t. List the prime factors of x.
3, 37
Suppose 3*y + 15 = 5*f + y, 10 = -f + 3*y. List the prime factors of 49 - 3/((-3)/f).
2, 3
Suppose -170*x + 165*x + 8240 = 0. What are the prime factors of x?
2, 103
Let r(g) = 163*g**3 - g**2 + 4*g - 2. Let t be r(1). Suppose 2*w - k = -3*w + 224, -4*w = 3*k - t. What are the prime factors of w?
2, 11
Let t(z) = 2*z + z**2 - 534*z**3 + 4*z - 7*z. Let j be t(1). List the prime factors of j/(-27) + (-4)/(-18).
2, 5
Suppose -3*q + 5*q = -q. Suppose q = -0*s + 6*s - 1674. List the prime factors of s.
3, 31
Let k be (-8)/4 - (-1 - (-3 - -346)). Suppose -k = 7*p - 1182. What are the prime factors of p?
2, 3, 5
Let c(w) = -w**3 + 22*w**2 - 12*w + 31. What are the prime factors of c(13)?
2, 349
Suppose d = 5*p + 141, 0 = -2*d - d + 3*p + 387. Let s = d - 56. List the prime factors of s.
2, 5, 7
Suppose 2*t - 77 = -q + 5, -5*t = 5*q - 195. Let b = 30 + t. List the prime factors of b.
73
Suppose 0 = -0*f + 3*f - 12. Suppose 2*x - 6 = -3*a + a, -f*a + 19 = -3*x. Suppose 4*k = -4*d + 180, 4*d + 62 + 126 = a*k. List the prime factors of k.
2, 23
Let w = 27 - 15. Let t = -15 - -6. Let q = w + t. List the prime factors of q.
3
List the prime factors of 0 - (-8)/4 - (-802)/2.
13, 31
Let a(j) = j**3 + 29*j**2 - 66*j - 24. Let g(s) = 2*s**2 - 17*s + 5. Let o be g(4). List the prime factors of a(o).
2, 5
Suppose -26 = -5*f + 4. Suppose 24 = f*x - 2*x - 2*g, 0 = x + 3*g - 6. Let w = -3 + x. List the prime factors of w.
3
Let z = 11 - 7. Let b(d) = -7*d**2 - 7*d - 7. Let p(u) = -6*u**2 - 6*u - 7. Let w(k) = z*b(k) - 5*p(k). List the prime factors of w(-3).
19
Suppose -y = -107 - 16. List the prime factors of y.
3, 41
What are the prime factors of (26/(-10))/((-24)/120)?
13
Let v be (4 - -2) + (-3 - -2). Suppose v*o - 193 = 317. Suppose -4*r + r + o = 0. List the prime factors of r.
2, 17
Suppose -11*n + 10*n - 2*o + 3583 = 0, 7164 = 2*n + 5*o. What are the prime factors of n?
17, 211
Suppose 0 = -0*t + 4*t + 216. Let a = t - -85. What are the prime factors of a?
31
Let q(u) = 347*u + 28. List the prime factors of q(4).
2, 3, 59
Let v(i) be the first derivative of 2*i**3/3 + 3*i**2 + 4*i - 5. Let g be v(-9). Suppose 0 = -o - 3*o + g. List the prime factors of o.
2, 7
Suppose -5 + 2 = -k. Suppose 4*b - 8 = -0*b, 0 = k*t + 3*b - 60. List the prime factors of t.
2, 3
Let h(k) = -36*k + 2. Let r be h(1). Let u = 56 + r. What are the prime factors of (-38)/209 + 312/u?
2, 7
Suppose 0 = 14*r + 1144 - 23250. List the prime factors of r.
1579
Suppose 21 = -2*k + 79. Suppose -118 = -5*h - 2*m, -k + 3 = -h - m. List the prime factors of h.
2, 11
Suppose 377*k = 362*k + 17055. What are the prime factors of k?
3, 379
Suppose v - 1748 = -3*n, 4*n + 341 = -5*v + 2657. What are the prime factors of n?
2, 73
Let i be 0 + 2 - 2/1. Suppose i*q + 2*q - 46 = 0. Suppose -q = 3*k - 101. What are the prime factors of k?
2, 13
Suppose -3*k - 3*n = 6, n + 18 = 5*k - n. Suppose 2*m - q = 2*q + 375, -m + k*q = -189. List the prime factors of m.
3, 61
Suppose 0 = 4*d - d - 6. Suppose t = 2*t - d. Suppose 0 = -t*y + 17 + 9. What are the prime factors of y?
13
Let o = 334 + 1043. What are the prime factors of o?
3, 17
Let b = -6 - -7. Let k be b + -4 + (1 - 4). Let j = 21 + k. List the prime factors of j.
3, 5
Let j(h) = -h**3 + 9*h**2 - 12*h + 20. Let p be j(8). Let m = 10 - p. List the prime factors of m.
2, 11
Suppose 3*p - 1370 = 5*t, 1053 = 2*p + 2*t + 113. What are the prime factors of p?
3, 5, 31
Let j = -115 - -1268. List the prime factors of j.
1153
Let n = 1046 - 536. List the prime factors of n.
2, 3, 5, 17
Let h = 377 + -85. List the prime factors of h.
2, 73
Let z = -15 - -25. Let i be z/15*(-1 + -2). What are the prime factors of (i/2)/(10/(-270))?
3
Suppose 11*c - 4*f - 224 = 7*c, 62 = c - 3*f. What are the prime factors of c?
53
Let g(n) = n**3 - 2*n**2 - 3*n + 189. Let r be g(0). Let y = r + -152. List the prime factors of y.
37
Suppose 5*d + 1449 = 4*n, 3*d - 11 = -2. List the prime factors of n.
2, 3, 61
Suppose 0 = -1397*s + 1404*s - 25039. List the prime factors of s.
7, 73
Let n(w) = 4*w**3 - 8*w**2 + 15*w - 67. What are the prime factors of n(8)?
7, 227
Let x = 29 - 11. Let q be (x/(-21))/((-9)/42). Suppose 3*k = -2*a - 1 + 10, -q*k = 4*a - 20. What are the prime factors of a?
2, 3
List the prime factors of 66/(-99) - (1535/(-3) + -1).
2
Suppose -2*l = -5*l. Suppose l = -4*w + 519 - 95. What are the prime factors of w?
2, 53
Suppose 10*l - 15 = 5*l, -4*j = 3*l - 4117. List the prime factors of j.
13, 79
Let n(q) = 23*q**2 + 3*q - 9. List the prime factors of n(-4).
347
Suppose 0 = 11*u + 880 - 7293. List the prime factors of u.
11, 53
Let l(x) = 2*x**2 + 16*x + 1. Let b be l(-13). Suppose 3*a - b = -38. What are the pri